{"id":7,"date":"2012-02-05T21:14:00","date_gmt":"2012-02-05T21:14:00","guid":{"rendered":"http:\/\/www.randulfs-cembalo.no\/wp\/?page_id=7"},"modified":"2012-02-13T13:53:23","modified_gmt":"2012-02-13T13:53:23","slug":"mine-cembali","status":"publish","type":"page","link":"https:\/\/www.randulfs-cembalo.no\/?page_id=7","title":{"rendered":"Mine cembali"},"content":{"rendered":"<p>Jeg har siden jeg var barn hatt interesse for musikkinstrumenter, og hvordan de er bygd. I 1966 flyttet jeg til Trondheim og &laquo;oppdaget&raquo; <a title=\"Ringve museums nettsider\" href=\"http:\/\/18.194.160.168\/?page_id=7\" target=\"_blank\">Ringve museum<\/a>.<\/p>\n<p>Etter \u00e5 ha bes\u00f8kt museet en rekke ganger, og v\u00e6rt p\u00e5 mange konserter der med Ringeve kammerensemble, ble jeg klar over at cembaloet m\u00e5tte bli &laquo;mitt livs kj\u00e6rlighet&raquo;.<\/p>\n<p><a href=\"https:\/\/i0.wp.com\/18.194.160.168\/wp-content\/uploads\/2012\/02\/Randulf_1.png\"><img loading=\"lazy\" decoding=\"async\" data-attachment-id=\"120\" data-permalink=\"https:\/\/www.randulfs-cembalo.no\/?attachment_id=120\" data-orig-file=\"https:\/\/i0.wp.com\/www.randulfs-cembalo.no\/wp-content\/uploads\/2012\/02\/Randulf_1.png?fit=695%2C839&amp;ssl=1\" data-orig-size=\"695,839\" data-comments-opened=\"0\" data-image-meta=\"{&quot;aperture&quot;:&quot;0&quot;,&quot;credit&quot;:&quot;&quot;,&quot;camera&quot;:&quot;&quot;,&quot;caption&quot;:&quot;&quot;,&quot;created_timestamp&quot;:&quot;0&quot;,&quot;copyright&quot;:&quot;&quot;,&quot;focal_length&quot;:&quot;0&quot;,&quot;iso&quot;:&quot;0&quot;,&quot;shutter_speed&quot;:&quot;0&quot;,&quot;title&quot;:&quot;&quot;}\" data-image-title=\"Portrett Randulf Larsen Skj\u00e6rseth\" data-image-description=\"\" data-image-caption=\"\" data-medium-file=\"https:\/\/i0.wp.com\/www.randulfs-cembalo.no\/wp-content\/uploads\/2012\/02\/Randulf_1.png?fit=248%2C300&amp;ssl=1\" data-large-file=\"https:\/\/i0.wp.com\/www.randulfs-cembalo.no\/wp-content\/uploads\/2012\/02\/Randulf_1.png?fit=640%2C773&amp;ssl=1\" class=\"alignleft size-thumbnail wp-image-120\" title=\"Portrett Randulf Larsen Skj\u00e6rseth\" src=\"https:\/\/i0.wp.com\/18.194.160.168\/wp-content\/uploads\/2012\/02\/Randulf_1-150x150.png?resize=150%2C150\" alt=\"Randulf Larsen Skj\u00e6rseth\" width=\"150\" height=\"150\" srcset=\"https:\/\/i0.wp.com\/www.randulfs-cembalo.no\/wp-content\/uploads\/2012\/02\/Randulf_1.png?resize=150%2C150&amp;ssl=1 150w, https:\/\/i0.wp.com\/www.randulfs-cembalo.no\/wp-content\/uploads\/2012\/02\/Randulf_1.png?zoom=2&amp;resize=150%2C150 300w, https:\/\/i0.wp.com\/www.randulfs-cembalo.no\/wp-content\/uploads\/2012\/02\/Randulf_1.png?zoom=3&amp;resize=150%2C150 450w\" sizes=\"auto, (max-width: 150px) 100vw, 150px\" data-recalc-dims=\"1\" \/><\/a>S\u00e5 gikk jeg tr\u00f8stig\u00a0 i gang med \u00e5 bygge mitt f\u00f8rste instrument, et enmanuals cembalo med med en 8-fotstemme og en 4-fot. Jeg hadde ingen kunskaper om faget, og m\u00e5tte l\u00e6re av mine feil under veis. Og mange feil ble det. Ja instrumentet ble en dundrende fiasko. Om det eksisterer i dag, eller er kommet p\u00e5 skraphaugen, vet jeg ikke, vil heller ikke vite.<\/p>\n<p>Etter hvert har jeg skaffet meg mere kunnskap, og mener jeg n\u00e5 er en ganske habil cembalobygger.<\/p>\n<p><a title=\"Cembalo 2\" href=\"http:\/\/18.194.160.168\/?page_id=11\">Nr.2<\/a> ble et 2-manuals instrument med to 8-fot og en 4-fotstemme. Det st\u00e5r n\u00e5 i Selbu kirke.<\/p>\n<p><a title=\"Cembalo 3\" href=\"http:\/\/18.194.160.168\/?page_id=13\">Nr.3<\/a> har to 8-fot stemmer. Det er n\u00e5 i bruk ved Hammerfest kulturskole.<\/p>\n<p><a title=\"Cembalo 4\" href=\"http:\/\/18.194.160.168\/?page_id=15\">Nr.4<\/a>, 1 manual og to 8- fotstemmer, ble kj\u00f8pt av en organist i Oslo. Han kj\u00f8pte for \u00f8vrig ogs\u00e5 mitt neste instrument,nr. 5, s\u00e5 han er eier\u00a0av to instrumenter jeg har bygd.<\/p>\n<p><a title=\"Cembalo 5\" href=\"http:\/\/18.194.160.168\/?page_id=18\">Nr.5<\/a>, er et to manuals med to 8-fot og en 4-fotstemme L.<\/p>\n<p><a title=\"Cembalo 6\" href=\"http:\/\/18.194.160.168\/?page_id=26\">Nr.6<\/a> er et enmanuals instrument med kun en 8-fot stemme som jeg har\u00a0til husbruk heime.<\/p>\n<p><a title=\"Italiensk cembalo nr 7\" href=\"http:\/\/18.194.160.168\/?page_id=28\">Nr.7<\/a> er n\u00e5 til salgs. Det er et instrument inspirert av den italienske byggestilen: 1 manual og to 8-fot stemmer med luttregister p\u00e5 den ene stemmen.<\/p>\n<p>Jeg kj\u00f8per kun stemmenaglene ferdige, ellers lager jeg alle delene p\u00e5 mitt verksted heime i huset mitt her jeg bor i Trondheim.<\/p>\n<p>Jeg legger stor vekt p\u00e5, ikke bare instrumentenes tone, men ogs\u00e5 deres utseende, noe du vil se av bildene.\u00a0Byggingen har kun v\u00e6rt en hobby, og det har g\u00e5tt omkring fem \u00e5r i gjennomsnitt mellom hvert ferdig instrument.\u00a0Jeg holder n\u00e5 p\u00e5 med mitt nr. 8.<\/p>\n<p><a title=\"Italiensk cembalo nr 7\" href=\"http:\/\/18.194.160.168\/?page_id=28\">Nr.7<\/a>, som n\u00e5 er til salgs, kan du se i bildegalleriet mitt. Der er ogs\u00e5 <a title=\"Musikk\" href=\"http:\/\/18.194.160.168\/?page_id=42\">lagt ved musikk<\/a>, en bit av Goldbergvariasjonene, spillt p\u00e5 dette instrumentet.<\/p>\n","protected":false},"excerpt":{"rendered":"<p>Jeg har siden jeg var barn hatt interesse for musikkinstrumenter, og hvordan de er bygd. I 1966 flyttet jeg til Trondheim og &laquo;oppdaget&raquo; Ringve museum. Etter \u00e5 ha bes\u00f8kt museet en rekke ganger, og v\u00e6rt p\u00e5 mange konserter der med &hellip; <a href=\"https:\/\/www.randulfs-cembalo.no\/?page_id=7\">Les videre <span class=\"meta-nav\">&rarr;<\/span><\/a><\/p>\n","protected":false},"author":1,"featured_media":0,"parent":0,"menu_order":0,"comment_status":"closed","ping_status":"open","template":"","meta":{"ngg_post_thumbnail":0,"spay_email":"","footnotes":""},"class_list":["post-7","page","type-page","status-publish","hentry"],"jetpack_shortlink":"https:\/\/wp.me\/P9szbT-7","jetpack_sharing_enabled":true,"jetpack_likes_enabled":true,"jetpack-related-posts":[{"id":11,"url":"https:\/\/www.randulfs-cembalo.no\/?page_id=11","url_meta":{"origin":7,"position":0},"title":"Cembalo 2","date":"05\/02\/2012","format":false,"excerpt":"Nr.2 ble et 2-manuals instrument med to 8-fot og en 4-fotstemme. Det st\u00e5r n\u00e5 i Selbu kirke. \u00a0","rel":"","context":"Liknende innlegg","img":{"alt_text":"","src":"","width":0,"height":0},"classes":[]},{"id":46,"url":"https:\/\/www.randulfs-cembalo.no\/?page_id=46","url_meta":{"origin":7,"position":1},"title":"Cembalo selges","date":"09\/02\/2012","format":false,"excerpt":"Grunnet plassmangel ser jeg meg n\u00f8dt til \u00e5 selge dette instrumentet. Cembaloet: 2x8 +L Ferdig i 2021 God tone Stabilt i stemming Trans: 440\/415 Dersom du dere er interesserte kan dere ta kontakt med meg p\u00e5 epost (randulfl@gmail.com) eller per telefon: +4792649117.\u00a0 \u00a0 \u00a0","rel":"","context":"Liknende innlegg","img":{"alt_text":"","src":"https:\/\/i0.wp.com\/www.randulfs-cembalo.no\/wp-content\/uploads\/2022\/04\/IMG_0775.jpg?resize=350%2C200","width":350,"height":200},"classes":[]},{"id":9,"url":"https:\/\/www.randulfs-cembalo.no\/?page_id=9","url_meta":{"origin":7,"position":2},"title":"Cembalo 1","date":"05\/02\/2012","format":false,"excerpt":"Dette var et enmanuals cembalo med med en 8-fotstemme og en 4-fot.","rel":"","context":"Liknende innlegg","img":{"alt_text":"","src":"","width":0,"height":0},"classes":[]},{"id":26,"url":"https:\/\/www.randulfs-cembalo.no\/?page_id=26","url_meta":{"origin":7,"position":3},"title":"Cembalo 6","date":"05\/02\/2012","format":false,"excerpt":"Cembalo nr.6: Cembaloet har kun en 8-fotstemme. Jeg har det heime i stua som husinstrument. \u00a0","rel":"","context":"Liknende innlegg","img":{"alt_text":"","src":"","width":0,"height":0},"classes":[]},{"id":152,"url":"https:\/\/www.randulfs-cembalo.no\/?page_id=152","url_meta":{"origin":7,"position":4},"title":"Cembalo 8","date":"16\/03\/2015","format":false,"excerpt":"Mitt nyeste cembalo ble ferdigbygget i 2014. Cembaloet er n\u00e5 til salgs. Ta kontakt p\u00e5 92649117 eller send epost. Cembaloet er et 2\u00d78 + L. Transponering til 415. Bilder av instrumentet\/pictures of the instrument:","rel":"","context":"Liknende innlegg","img":{"alt_text":"","src":"http:\/\/18.194.160.168\/index.php\/nextgen-attach_to_post\/preview\/id--189","width":350,"height":200},"classes":[]},{"id":28,"url":"https:\/\/www.randulfs-cembalo.no\/?page_id=28","url_meta":{"origin":7,"position":5},"title":"Cembalo 7","date":"05\/02\/2012","format":false,"excerpt":"Cembaloet er et 2x8 L. Transponering til 415. Musikk spilt p\u00e5 dette cembaloet: [wpfilebase tag=file id=6 tpl=mp3 \/]","rel":"","context":"Liknende innlegg","img":{"alt_text":"","src":"","width":0,"height":0},"classes":[]}],"_links":{"self":[{"href":"https:\/\/www.randulfs-cembalo.no\/index.php?rest_route=\/wp\/v2\/pages\/7","targetHints":{"allow":["GET"]}}],"collection":[{"href":"https:\/\/www.randulfs-cembalo.no\/index.php?rest_route=\/wp\/v2\/pages"}],"about":[{"href":"https:\/\/www.randulfs-cembalo.no\/index.php?rest_route=\/wp\/v2\/types\/page"}],"author":[{"embeddable":true,"href":"https:\/\/www.randulfs-cembalo.no\/index.php?rest_route=\/wp\/v2\/users\/1"}],"replies":[{"embeddable":true,"href":"https:\/\/www.randulfs-cembalo.no\/index.php?rest_route=%2Fwp%2Fv2%2Fcomments&post=7"}],"version-history":[{"count":9,"href":"https:\/\/www.randulfs-cembalo.no\/index.php?rest_route=\/wp\/v2\/pages\/7\/revisions"}],"predecessor-version":[{"id":65,"href":"https:\/\/www.randulfs-cembalo.no\/index.php?rest_route=\/wp\/v2\/pages\/7\/revisions\/65"}],"wp:attachment":[{"href":"https:\/\/www.randulfs-cembalo.no\/index.php?rest_route=%2Fwp%2Fv2%2Fmedia&parent=7"}],"curies":[{"name":"wp","href":"https:\/\/api.w.org\/{rel}","templated":true}]}}