{"id":28,"date":"2012-02-05T21:22:49","date_gmt":"2012-02-05T21:22:49","guid":{"rendered":"http:\/\/www.randulfs-cembalo.no\/wp\/?page_id=28"},"modified":"2015-05-02T14:01:51","modified_gmt":"2015-05-02T14:01:51","slug":"cembalo-7","status":"publish","type":"page","link":"https:\/\/www.randulfs-cembalo.no\/?page_id=28","title":{"rendered":"Cembalo 7"},"content":{"rendered":"<p>Cembaloet er et 2&#215;8 L. Transponering til 415.<\/p>\n\n\n\t<div class='ngg-imagebrowser'\n         id='ngg-imagebrowser-bd38ebd4377def32a749b5ac46d0c57b-28'\n         data-nextgen-gallery-id=\"bd38ebd4377def32a749b5ac46d0c57b\">\n\n        <h3>&lt;Digimax S800 \/ Kenox S800&gt;<\/h3>\n\n        <div id=\"ngg-image-0\" class=\"pic\" >\n\n        <a href='https:\/\/www.randulfs-cembalo.no\/wp-content\/gallery\/cembalo07\/048.jpg'\n           title=' '\n           data-src=\"https:\/\/www.randulfs-cembalo.no\/wp-content\/gallery\/cembalo07\/048.jpg\"\n           data-thumbnail=\"https:\/\/www.randulfs-cembalo.no\/wp-content\/gallery\/cembalo07\/thumbs\/thumbs_048.jpg\"\n           data-image-id=\"9\"\n           data-title=\"&lt;Digimax S800 \/ Kenox S800&gt;\"\n           data-description=\" \"\n           class=\"shutterset_bd38ebd4377def32a749b5ac46d0c57b\">\n            <img title='&lt;Digimax S800 \/ Kenox S800&gt;'\n                 alt='&lt;Digimax S800 \/ Kenox S800&gt;'\n                 src='https:\/\/www.randulfs-cembalo.no\/wp-content\/gallery\/cembalo07\/048.jpg'\/>\n        <\/a>\n\n        <\/div> \n\n        <div class='ngg-imagebrowser-nav'>\n\n            <div class='back'>\n                <a class='ngg-browser-prev'\n                   id='ngg-prev-11'\n                   href='https:\/\/www.randulfs-cembalo.no\/index.php\/nggallery\/image\/050?page_id=28'>\n                    &#9668; Back                <\/a>\n            <\/div>\n\n            <div class='next'>\n                <a class='ngg-browser-next'\n                   id='ngg-next-6'\n                   href='https:\/\/www.randulfs-cembalo.no\/index.php\/nggallery\/image\/045?page_id=28'>\n                    Next                    &#9658;\n                <\/a>\n            <\/div>\n\n            <div class='counter'>\n                Picture                1                of                7            <\/div>\n\n            <div class='ngg-imagebrowser-desc'>\n                <p> <\/p>\n            <\/div>\n\n        <\/div>\n    <\/div>\n\n\n<p>Musikk spilt p\u00e5 dette cembaloet:<\/p>\n<p>[wpfilebase tag=file id=6 tpl=mp3 \/]<\/p>\n","protected":false},"excerpt":{"rendered":"<p>Cembaloet er et 2&#215;8 L. Transponering til 415. Musikk spilt p\u00e5 dette cembaloet: [wpfilebase tag=file id=6 tpl=mp3 \/]<\/p>\n","protected":false},"author":1,"featured_media":0,"parent":7,"menu_order":7,"comment_status":"closed","ping_status":"open","template":"","meta":{"ngg_post_thumbnail":0,"spay_email":"","footnotes":""},"class_list":["post-28","page","type-page","status-publish","hentry"],"jetpack_shortlink":"https:\/\/wp.me\/P9szbT-s","jetpack_sharing_enabled":true,"jetpack_likes_enabled":true,"jetpack-related-posts":[{"id":18,"url":"https:\/\/www.randulfs-cembalo.no\/?page_id=18","url_meta":{"origin":28,"position":0},"title":"Cembalo 5","date":"05\/02\/2012","format":false,"excerpt":"Cembalo nr. 5: 2x8 L Musikk spilt p\u00e5 dette cembaloet: [wpfilebase tag=file id=2 \/] \u00a0","rel":"","context":"Liknende innlegg","img":{"alt_text":"","src":"","width":0,"height":0},"classes":[]},{"id":152,"url":"https:\/\/www.randulfs-cembalo.no\/?page_id=152","url_meta":{"origin":28,"position":1},"title":"Cembalo 8","date":"16\/03\/2015","format":false,"excerpt":"Mitt nyeste cembalo ble ferdigbygget i 2014. Cembaloet er n\u00e5 til salgs. Ta kontakt p\u00e5 92649117 eller send epost. Cembaloet er et 2\u00d78 + L. Transponering til 415. Bilder av instrumentet\/pictures of the instrument:","rel":"","context":"Liknende innlegg","img":{"alt_text":"","src":"http:\/\/18.194.160.168\/index.php\/nextgen-attach_to_post\/preview\/id--189","width":350,"height":200},"classes":[]},{"id":15,"url":"https:\/\/www.randulfs-cembalo.no\/?page_id=15","url_meta":{"origin":28,"position":2},"title":"Cembalo 4","date":"05\/02\/2012","format":false,"excerpt":"Musikk spilt p\u00e5 dette instrumentet: [wpfilebase tag=file id=1 \/]\u00a0","rel":"","context":"Liknende innlegg","img":{"alt_text":"","src":"","width":0,"height":0},"classes":[]},{"id":46,"url":"https:\/\/www.randulfs-cembalo.no\/?page_id=46","url_meta":{"origin":28,"position":3},"title":"Cembalo selges","date":"09\/02\/2012","format":false,"excerpt":"Grunnet plassmangel ser jeg meg n\u00f8dt til \u00e5 selge dette instrumentet. Cembaloet: 2x8 +L Ferdig i 2021 God tone Stabilt i stemming Trans: 440\/415 Dersom du dere er interesserte kan dere ta kontakt med meg p\u00e5 epost (randulfl@gmail.com) eller per telefon: +4792649117.\u00a0 \u00a0 \u00a0","rel":"","context":"Liknende innlegg","img":{"alt_text":"","src":"https:\/\/i0.wp.com\/www.randulfs-cembalo.no\/wp-content\/uploads\/2022\/04\/IMG_0775.jpg?resize=350%2C200","width":350,"height":200},"classes":[]},{"id":7,"url":"https:\/\/www.randulfs-cembalo.no\/?page_id=7","url_meta":{"origin":28,"position":4},"title":"Mine cembali","date":"05\/02\/2012","format":false,"excerpt":"Jeg har siden jeg var barn hatt interesse for musikkinstrumenter, og hvordan de er bygd. I 1966 flyttet jeg til Trondheim og \"oppdaget\" Ringve museum. Etter \u00e5 ha bes\u00f8kt museet en rekke ganger, og v\u00e6rt p\u00e5 mange konserter der med Ringeve kammerensemble, ble jeg klar over at cembaloet m\u00e5tte bli\u2026","rel":"","context":"Liknende innlegg","img":{"alt_text":"","src":"","width":0,"height":0},"classes":[]},{"id":26,"url":"https:\/\/www.randulfs-cembalo.no\/?page_id=26","url_meta":{"origin":28,"position":5},"title":"Cembalo 6","date":"05\/02\/2012","format":false,"excerpt":"Cembalo nr.6: Cembaloet har kun en 8-fotstemme. Jeg har det heime i stua som husinstrument. \u00a0","rel":"","context":"Liknende innlegg","img":{"alt_text":"","src":"","width":0,"height":0},"classes":[]}],"_links":{"self":[{"href":"https:\/\/www.randulfs-cembalo.no\/index.php?rest_route=\/wp\/v2\/pages\/28","targetHints":{"allow":["GET"]}}],"collection":[{"href":"https:\/\/www.randulfs-cembalo.no\/index.php?rest_route=\/wp\/v2\/pages"}],"about":[{"href":"https:\/\/www.randulfs-cembalo.no\/index.php?rest_route=\/wp\/v2\/types\/page"}],"author":[{"embeddable":true,"href":"https:\/\/www.randulfs-cembalo.no\/index.php?rest_route=\/wp\/v2\/users\/1"}],"replies":[{"embeddable":true,"href":"https:\/\/www.randulfs-cembalo.no\/index.php?rest_route=%2Fwp%2Fv2%2Fcomments&post=28"}],"version-history":[{"count":11,"href":"https:\/\/www.randulfs-cembalo.no\/index.php?rest_route=\/wp\/v2\/pages\/28\/revisions"}],"predecessor-version":[{"id":200,"href":"https:\/\/www.randulfs-cembalo.no\/index.php?rest_route=\/wp\/v2\/pages\/28\/revisions\/200"}],"up":[{"embeddable":true,"href":"https:\/\/www.randulfs-cembalo.no\/index.php?rest_route=\/wp\/v2\/pages\/7"}],"wp:attachment":[{"href":"https:\/\/www.randulfs-cembalo.no\/index.php?rest_route=%2Fwp%2Fv2%2Fmedia&parent=28"}],"curies":[{"name":"wp","href":"https:\/\/api.w.org\/{rel}","templated":true}]}}